alse
Is 233789 a multiple of 61?
False
Does 544 divide 2037824?
True
Does 248 divide 9063893?
False
Is 640 a factor of 15667799?
False
Is 274 a factor of 79460?
True
Is 10 a factor of 162374?
False
Does 37 divide 12762?
False
Is 162 a factor of 150119?
False
Does 164 divide 2997519?
False
Is 1692722 a multiple of 98?
False
Is 64 a factor of 5697856?
True
Does 268 divide 6011658?
False
Does 91 divide 141687?
True
Is 359919 a multiple of 17?
False
Is 679 a factor of 9239234?
False
Does 14 divide 6034?
True
Is 74356 a multiple of 4?
True
Is 1745373 a multiple of 17?
True
Does 1812 divide 3511097?
False
Does 235 divide 260575?
False
Is 12 a factor of 81912?
True
Does 16 divide 131680?
True
Is 7 a factor of 67312?
True
Is 6134238 a multiple of 6?
True
Does 5 divide 114195?
True
Is 613763 a multiple of 53?
False
Is 1349686 a multiple of 72?
False
Is 18135777 a multiple of 946?
False
Does 61 divide 627187?
False
Is 27 a factor of 144855?
True
Does 1410 divide 33362723?
False
Does 19 divide 2116334?
True
Is 1635304 a multiple of 18?
False
Does 28 divide 1295919?
False
Is 9 a factor of 16704?
True
Is 4203 a multiple of 9?
True
Does 62 divide 193378?
True
Does 145 divide 2124382?
False
Is 65 a factor of 318955?
True
Is 84 a factor of 41160?
True
Is 46 a factor of 1875052?
True
Is 30700 a multiple of 2?
True
Does 82 divide 808110?
True
Is 3 a factor of 486186?
True
Is 19919 a multiple of 389?
False
Is 3792272 a multiple of 44?
True
Is 13530 a multiple of 2?
True
Does 63 divide 1090782?
True
Is 382076 a multiple of 46?
True
Does 58 divide 246384?
True
Is 1031 a factor of 1185109?
False
Is 81 a factor of 81?
True
Does 271 divide 2632867?
False
Does 342 divide 257273?
False
Does 13 divide 12602590?
True
Does 310 divide 362700?
True
Is 35083 a multiple of 258?
False
Is 5501904 a multiple of 498?
True
Does 449 divide 1948363?
False
Does 144 divide 9531817?
False
Is 3635378 a multiple of 427?
False
Is 187 a factor of 304623?
True
Is 36054 a multiple of 19?
False
Is 8558397 a multiple of 5?
False
Does 11 divide 5000506?
False
Is 149 a factor of 14801064?
True
Does 23 divide 150834?
True
Is 2096952 a multiple of 132?
True
Is 8 a factor of 2069051?
False
Is 383 a factor of 211033?
True
Is 11 a factor of 2171114?
True
Does 2 divide 2538?
True
Is 95 a factor of 7880056?
False
Does 11 divide 35354?
True
Is 46 a factor of 40112?
True
Is 2072247 a multiple of 159?
True
Does 447 divide 1002892?
False
Is 9384 a multiple of 3?
True
Is 30777 a multiple of 67?
False
Is 36 a factor of 4241?
False
Is 10 a factor of 1844083?
False
Is 36 a factor of 332520?
False
Is 44 a factor of 38412?
True
Is 25292 a multiple of 43?
False
Is 132 a factor of 232452?
True
Is 337 a factor of 161421?
False
Is 23 a factor of 14536?
True
Is 399 a factor of 299649?
True
Does 2 divide 205393?
False
Is 372 a factor of 2988616?
False
Is 263965 a multiple of 131?
True
Is 529729 a multiple of 220?
False
Is 16 a factor of 309856?
True
Is 8313863 a multiple of 15?
False
Does 52 divide 182156?
True
Is 30222 a multiple of 58?
False
Is 24 a factor of 269271?
False
Is 1121069 a multiple of 43?
False
Is 15 a factor of 334613?
False
Does 26 divide 1394692?
True
Does 74 divide 2558?
False
Is 665 a multiple of 32?
False
Does 77 divide 73535?
True
Is 9 a factor of 24280398?
True
Is 53396 a multiple of 13?
False
Does 128 divide 914688?
True
Does 532 divide 830452?
True
Is 8 a factor of 5784?
True
Does 34 divide 94350?
True
Does 16 divide 3248?
True
Is 8474193 a multiple of 189?
True
Does 16 divide 7199808?
True
Does 22 divide 1579402?
True
Is 212831 a multiple of 41?
True
Is 116 a factor of 883823?
False
Is 27 a factor of 4000620?
False
Is 401 a factor of 639475?
False
Does 5 divide 324630?
True
Is 15 a factor of 3882030?
True
Is 999901 a multiple of 581?
True
Is 552 a factor of 2220401?
False
Does 38 divide 78812?
True
Is 111214 a multiple of 15?
False
Is 38844 a multiple of 52?
True
Is 49131 a multiple of 7?
False
Does 107 divide 2346470?
False
Is 165 a factor of 701910?
True
Is 3 a factor of 917741?
False
Is 43266 a multiple of 3?
True
Does 35 divide 7321852?
False
Is 533832 a multiple of 39?
True
Is 85 a factor of 89383?
False
Is 140911 a multiple of 43?
True
Does 14 divide 69719?
False
Is 47691 even?
False
Is 39633 a multiple of 225?
False
Is 12 a factor of 24720?
True
Does 59 divide 1124186?
True
Does 249 divide 6910746?
True
Is 11 a factor of 173162?
True
Does 140 divide 48440?
True
Is 1544 a multiple of 3?
False
Is 11616 a multiple of 60?
False
Is 181395 a multiple of 376?
False
Is 15 a factor of 218899?
False
Does 80 divide 271920?
True
Is 191 a factor of 72389?
True
Does 44 divide 409267?
False
Does 34 divide 4018500?
False
Is 96315 a multiple of 111?
False
Is 1876098 a multiple of 5?
False
Does 241 divide 150866?
True
Does 51 divide 170713?
False
Does 34 divide 39372?
True
Does 192 divide 746563?
False
Is 6198400 a multiple of 520?
True
Does 391 divide 3593797?
False
Is 129 a factor of 1150551?
True
Is 22 a factor of 249128?
True
Is 2462688 a multiple of 1224?
True
Is 475608 a multiple of 56?
True
Is 5192616 a multiple of 267?
True
Is 5610137 a multiple of 447?
False
Is 8330322 a multiple of 57?
True
Does 18 divide 55032?
False
Does 143 divide 116116?
True
Is 7 a factor of 1815657?
False
Does 849 divide 2481703?
False
Is 27 a factor of 244764?
False
Does 10 divide 384040?
True
Is 8 a factor of 1823645?
False
Does 94 divide 996631?
False
Is 17163900 a multiple of 2106?
True
Is 173 a factor of 17536?
False
Does 109 divide 251884?
False
Does 6 divide 452205?
False
Is 61079 a multiple of 4?
False
Does 417 divide 573391?
False
Is 321924 a multiple of 44?
False
Does 6 divide 288803?
False
Is 16 a factor of 1445005?
False
Does 33 divide 17433636?
True
Is 9 a factor of 2207088?
True
Is 27 a factor of 16778?
False
Does 42 divide 2037420?
True
Is 53 a factor of 265106?
True
Is 85403 a multiple of 280?
False
Does 101 divide 13672177?
False
Is 288972 a multiple of 12?
True
Does 30 divide 272306?
False
Is 169 a factor of 68952?
True
Is 954958 a multiple of 79?
False
Is 656 a factor of 2511168?
True
Does 224 divide 931470?
False
Is 1396669 a multiple of 167?
False
Is 318432 a multiple of 13?
False
Is 23936 a multiple of 34?
True
Is 781 a factor of 476410?
True
Is 1025625 a multiple of 375?
True
Is 13154182 a multiple of 28?
False
Is 7948830 a multiple of 80?
False
Does 77 divide 1098251?
True
Is 56 a factor of 2228716?
False
Is 60 a factor of 1500608?
False
Is 75 a factor of 178940?
False
Is 39081 a multiple of 51?
False
Is 301985 a multiple of 101?
False
Does 6 divide 788796?
True
Is 15 a factor of 492300?
True
Does 75 divide 1186125?
True
Is 1830395 a multiple of 501?
False
Does 331 divide 2250800?
True
Is 76720 a multiple of 40?
True
Is 8070 a multiple of 15?
True
Is 15 a factor of 69607?
False
Is 3491232 a multiple of 984?
True
Is 9637748 a multiple of 1601?
False
Is 156604 a multiple of 98?
True
Is 4827248 a multiple of 212?
False
Is 903420 a multiple of 315?
True
Is 211 a factor of 91814?
False
Is 532951 a multiple of 60?
False
Is 4 a factor of 89542?
False
Is 8 a factor of 238856?
True
Does 5 divide 89714?
False
Does 225 divide 101970?
False
Does 652 divide 6066820?
False
Is 74 a factor of 23680?
True
Does 5 divide 306800?
True
Is 30 a factor of 473490?
True
Is 224103 a multiple of 65?
False
Does 13 divide 333386?
False
Does 70 divide 308980?
True
Is 224475 a multiple of 205?
True
Is 436 a factor of 1061224?
True
Is 32568 a multiple of 236?
True
Does 363 divide 5785494?
True
Does 240 divide 2313360?
True
Does 101 divide 121907?
True
Is 10 a factor of 241640?
True
Is 5 a factor of 142799?
False
Is 5985105 a multiple of 51?
True
Is 248928 a multiple of 12?
True
Is 9 a factor of 774336?
False
Does 152 divide 12008?
True
Is 274333 a multiple of 36?
False
Does 13 divide 236714?
False
Is 1900 a multiple of 50?
True
Is 138523 a multiple of 257?
True
Is 393 a factor of 1542923?
False
Is 44 a factor of 20514868?
True
Does 20 divide 35720?
True
Is 949692 a multiple of 348?
True
Is 238 a factor of 152677?
False
Does 539 divide 867119?
False
Does 6 divide 1080674?
False
Does 8 divide 3942760?
True
Is 247 a factor of 4626804?
True
Is 74 a factor of 150146?
True
Is 15 a factor of 104235?
True
Does 72 divide 47339?
Fals